. What is f(-8)?
-155
Let z(d) = -90*d + 2241. Calculate z(24).
81
Let w(q) = 6*q**2 + 26*q + 9. Calculate w(-6).
69
Let o(n) = 4*n**3 + 589*n**2 + 145*n - 284. Calculate o(-147).
10
Let q(p) = p**3 + 2*p**2 - 33*p - 231. Determine q(-6).
-177
Let x(i) = -3*i**3 - 37*i**2 - 113*i - 427. Calculate x(-10).
3
Let s(i) = i**3 + 13*i**2 + 2*i - 215. Determine s(-11).
5
Let a(q) = -18*q + 552. Calculate a(30).
12
Let k(c) = -79*c**2 + 4425*c - 125. What is k(56)?
-69
Let c(k) = -2*k**2 - 277*k + 3796. What is c(-151)?
21
Let x(d) = -d**3 + 17*d**2 - 43*d + 64. What is x(14)?
50
Let s(a) = 12*a**2 + 71*a - 14. Give s(-6).
-8
Let d(z) = -295*z + 3860. Determine d(13).
25
Let f(m) = m**2 - 24*m - 367. Determine f(30).
-187
Let n(s) = -5*s**2 + 83*s - 392. What is n(5)?
-102
Let j(i) = -1162*i + 30210. Give j(26).
-2
Let t(q) = 213*q + 9158. Give t(-43).
-1
Let b(q) = 63*q**2 - 1825*q - 88. Give b(29).
-30
Let l(a) = -a**3 + 48*a + 25. What is l(7)?
18
Let v(g) = -28*g + 4811. Calculate v(172).
-5
Let t(g) = 2*g**2 - 66*g - 219. Give t(-3).
-3
Let v(a) = 4*a**3 - 30*a**2 - 11*a + 32. What is v(5)?
-273
Let t(i) = 3*i**2 + 75*i - 336. Give t(4).
12
Let w(d) = -15*d**2 - 216*d - 233. Determine w(-13).
40
Let o(d) = d**3 - 21*d**2 - 21*d - 14. Give o(22).
8
Let j(z) = 42*z + 2045. Give j(-46).
113
Let v(k) = k**2 + 257*k + 2704. What is v(-11)?
-2
Let f(x) = -18*x**2 + 354*x + 18. Give f(0).
18
Let d(i) = -48*i + 1016. What is d(16)?
248
Let u(n) = -181*n - 20460. Give u(-113).
-7
Let x(u) = -30*u + 224. Determine x(8).
-16
Let l(v) = -120*v + 1691. Determine l(14).
11
Let r(p) = -15*p**2 - 25*p - 2. What is r(-2)?
-12
Let n(r) = -21*r**3 - 28*r + 28. What is n(1)?
-21
Let a(m) = 140*m + 35. What is a(6)?
875
Let f(d) = -2*d**2 + 52*d - 50. Calculate f(16).
270
Let c(m) = -553*m - 2220. Determine c(-4).
-8
Let d(q) = -5*q**2 - 349*q + 776. Give d(-72).
-16
Let w(o) = 2*o**2 + 114*o + 119. Give w(-1).
7
Let y(w) = -38*w**2 + 7*w - 18. Give y(2).
-156
Let r(s) = -49*s**2 - 18*s + 10. Calculate r(2).
-222
Let i(b) = 12*b - 30. What is i(9)?
78
Let h(d) = 14*d**2 - 1343*d - 103. Determine h(96).
-7
Let b(s) = -s**3 - 10*s**2 + 68*s + 86. Determine b(-14).
-82
Let i(n) = -14*n**2 + 16*n - 5. Determine i(1).
-3
Let r(t) = -6*t**3 + 96*t**2 - 103*t + 1648. Determine r(16).
0
Let v(h) = -h**3 + 12*h**2 + 319*h - 3117. Give v(9).
-3
Let i(g) = 2*g**3 - 2*g**2 + g + 43. Give i(-3).
-32
Let p(i) = -2*i**2 + 10*i + 55. Determine p(7).
27
Let w(y) = y**2 - 28*y + 66. Determine w(25).
-9
Let w(k) = 2*k**2 - 59*k + 67. Determine w(27).
-68
Let t(h) = 2*h - 112. What is t(61)?
10
Let c(y) = -2*y**2 + 54*y + 82. Give c(-2).
-34
Let t(p) = 10*p**3 - 4*p**2 + 10*p - 5. Calculate t(2).
79
Let v(j) = 52*j + 778. What is v(-15)?
-2
Let f(n) = -15*n**2 + 7*n - 6. Determine f(0).
-6
Let v(m) = -m**3 + 90*m**2 - 880*m + 104. Give v(11).
-17
Let w(u) = u**2 - 56*u - 78. Calculate w(57).
-21
Let x(j) = 53*j**3 + 5*j**2 + 6*j - 7. What is x(-2)?
-423
Let s(t) = -384*t + 55690. What is s(145)?
10
Let b(r) = -r**2 - 25*r - 113. Give b(-21).
-29
Let r(w) = -w**2 + 24*w + 73. What is r(20)?
153
Let h(k) = -31*k + 129. Determine h(6).
-57
Let g(k) = -10*k - 278. What is g(-24)?
-38
Let c(x) = 21*x + 172. Calculate c(-19).
-227
Let s(a) = 13*a**3 + 187*a**2 + 73*a + 35. Give s(-14).
-7
Let x(a) = 12*a**2 - 72*a + 18. Give x(6).
18
Let z(m) = 2*m**2 - 101*m - 1188. What is z(-10)?
22
Let z(d) = -d**2 + 36. Give z(7).
-13
Let l(z) = 5*z**2 + 75*z + 152. Give l(-2).
22
Let l(r) = r**3 + 5*r**2 - 11*r - 32. Determine l(-3).
19
Let p(y) = y**3 - 6*y**2 + 15*y + 7. Calculate p(6).
97
Let n(z) = -66*z - 179. Calculate n(1).
-245
Let o(c) = c**2 - 8*c - 11. Determine o(10).
9
Let d(x) = 68*x + 555. What is d(-20)?
-805
Let c(k) = k**3 - 10*k**2 + 24*k - 35. Determine c(7).
-14
Let t(m) = -1332*m + 5332. Calculate t(4).
4
Let g(t) = 2*t**2 + 3365*t + 16766. What is g(-5)?
-9
Let w(r) = -14*r - 109. Determine w(6).
-193
Let h(f) = -20*f**2 + 817*f + 133. Determine h(41).
10
Let x(d) = 2*d**2 + 9*d - 84. Calculate x(-9).
-3
Let d(a) = 5*a**2 + 137*a - 563. Determine d(-31).
-5
Let r(t) = t**2 - 17*t - 112. Calculate r(-5).
-2
Let s(g) = g**3 + 11*g**2 - 38*g - 308. What is s(-12)?
4
Let g(a) = 93*a + 3. What is g(1)?
96
Let h(p) = p**2 - 36*p - 108. Give h(30).
-288
Let s(t) = 5*t + 218. Determine s(-49).
-27
Let b(x) = -4*x**2 - 705*x - 2804. Give b(-4).
-48
Let i(m) = 2*m**3 - 24. Give i(4).
104
Let r(i) = i**3 - 35*i**2 - 198*i - 72. Give r(40).
8
Let q(p) = p**3 - 16*p**2 - 166*p + 2540. Give q(17).
7
Let h(d) = 9*d**3 + 112*d**2 - 65*d + 21. Give h(-13).
21
Let d(s) = -s**2 + 26*s + 296. Give d(36).
-64
Let d(b) = -b**2 - 110*b + 2320. Give d(18).
16
Let j(y) = 2626*y - 84035. Determine j(32).
-3
Let n(p) = -p**3 - 76*p**2 - 21*p - 1592. What is n(-76)?
4
Let u(b) = 34*b**2 - 799*b + 55. Determine u(22).
-1067
Let l(j) = -j**3 - 42*j**2 - 61*j + 747. Determine l(-40).
-13
Let s(z) = -5*z**2 - 367*z - 6699. Give s(-34).
-1
Let t(z) = z**3 + 14*z**2 + 191*z + 173. Determine t(-1).
-5
Let d(q) = -30*q + 572. What is d(20)?
-28
Let i(k) = -2*k**2 + 74*k - 538. Give i(27).
2
Let y(p) = 2*p**3 + 2*p**2 - 13*p + 12. Calculate y(1).
3
Let n(z) = 2*z**2 + 15*z + 78. Give n(-4).
50
Let b(y) = -y**3 + 45*y**2 + 47*y + 1. What is b(46)?
47
Let r(n) = 126*n + 1036. Determine r(-12).
-476
Let x(c) = -388*c - 204. Calculate x(1).
-592
Let z(x) = -x**2 - 11*x - 30. Give z(-10).
-20
Let h(f) = 3*f + 25. What is h(-9)?
-2
Let a(c) = -c**2 - 36*c - 156. What is a(-32)?
-28
Let b(a) = 121*a + 1324. Give b(-11).
-7
Let g(q) = 140*q + 3090. What is g(-22)?
10
Let q(r) = -108*r - 4428. Give q(-41).
0
Let r(t) = 10*t**2 - 123*t + 12. Determine r(12).
-24
Let j(d) = -4*d**3 - 300*d**2 + 303*d - 76. What is j(-76)?
0
Let s(v) = 7*v**2 - 525*v - 1054. What is s(-2)?
24
Let q(y) = -111*y + 279. Determine q(4).
-165
Let o(z) = -z**3 + 14*z**2 - 42*z - 29. Determine o(8).
19
Let v(h) = 29*h + 1978. Determine v(-69).
-23
Let t(n) = -n**2 + 434*n + 6271. What is t(-14)?
-1
Let w(v) = -v**3 - 11*v**2 - 3*v + 37. What is w(-8)?
-131
Let f(v) = -26*v + 559. What is f(38)?
-429
Let h(d) = -4231*d + 16909. Give h(4).
-15
Let l(q) = -309*q + 1636. Give l(6).
-218
Let b(h) = 79*h - 461. Calculate b(5).
-66
Let j(r) = 2213*r + 6641. Determine j(-3).
2
Let z(y) = y**3 + 7*y**2 - y - 52. What is z(-6)?
-10
Let c(l) = l**3 - 7*l**2 - 14*l + 44. Give c(8).
-4
Let z(l) = l**3 - 9*l**2 - 589*l - 165. Give z(-20).
15
Let f(k) = k**2 + 16. Determine f(5).
41
Let s(t) = -5388*t - 75418. Determine s(-14).
14
Let l(u) = u**3 - 2*u**2 + 22*u - 105. Determine l(5).
80
Let h(j) = -j**3 + 70*j**2 - 137*j + 73. Calculate h(68).
5
Let z(j) = 21*j + 3. Determine z(5).
108
Let k(c) = c**2 - 18*c - 161. Calculate k(-7).
14
Let p(y) = -2*y**3 - 5*y**2 + 5*y + 7. Calculate p(-5).
107
Let l(p) = 34*p - 819. What is l(30)?
201
Let b(m) = -31*m**2 + 68*m + 3. Give b(2).
15
Let m(i) = -i**3 - 2*i**2 + 44*i - 6. Calculate m(-7).
-69
Let u(h) = -56*h + 1453. What is u(26)?
-3
Let s(k) = -k**3 - 29*k**2 + 4*k + 25. Determine s(-29).
-91
Let q(x) = -x**2 + 6*x. Calculate q(9).
-27
Let t(z) = z**3 - 5*z**2 - 22*z + 94. Give t(4).
-10
Let h(n) = 204*n + 1824. Give h(-9).
-12
Let l(s) = -118*s - 248. What is l(-3)?
106
Let x(a) = 2*a**3 - 26*a**2 - 17*a + 496. What is x(12)?
4
Let h(r) = -72*r - 42. Determine h(-6).
390
Let f(l) = 3*l**2 + 105*l + 829. Determine f(-13).
-29
Let q(v) = 6*v + 10. Calculate q(0).
10
Let v(r) = -3*r + 8. What is v(10)?
-22
Let j(w) = -3*w**3 + 9*w**2 + w + 10. Determine j(5).
-135
Let y(m) = -2*m**2 + 110*m + 422. What is y(59)?
-50
Let y(i) = 39*i - 506. Give y(12).
-38
Let n(g) = g**3 + 14*g**2 + 48*g + 56. What is n(-7)?
63
Let n(d) = d**2 - 22*d + 106. Determine n(11).
-15
Let v(s) = -2*s**3 - 32*s**2 - 31*s + 25. What is v(-15)?
40
Let z(t) = 2*t**2 + 61*t + 276. Give z(-26).
42
Let d(s) = 54*s + 26. What is d(-1)?
-28
Let u(k) = -k**3 - 20*k**2 - 40*k + 232. Give u(-6).
-32
Let q(y) = 170*y - 3866. Determine q(22).
-126
Let q(m) = -2*m**2 - 23*m + 37. Calculate q(-11).
48
Let k(x) = 309*x - 5196. What is k(17)?
57
Let t(r) = -127*r - 39. Give t(-1).
88
Let o(j) = -7*j**2 - 424*j - 237. Give o(-60).
3
Let k(v) = v**2 + 1731*v -